05?
7
What is the tens digit of 2191544991?
9
What is the hundred thousands digit of 6362605542?
6
What is the thousands digit of 1300416394?
6
What is the millions digit of 7663869018?
3
What is the tens digit of 70977750?
5
What is the units digit of 6054474186?
6
What is the ten thousands digit of 278589938?
8
What is the ten thousands digit of 116908798?
0
What is the tens digit of 34077294?
9
What is the hundreds digit of 8968746?
7
What is the ten thousands digit of 1443939286?
3
What is the tens digit of 233026099?
9
What is the units digit of 124821499?
9
What is the ten thousands digit of 1935641050?
4
What is the millions digit of 736048242?
6
What is the tens digit of 19165899?
9
What is the units digit of 505188474?
4
What is the hundreds digit of 2591642910?
9
What is the millions digit of 256485457?
6
What is the ten millions digit of 3793710294?
9
What is the hundreds digit of 80446427?
4
What is the ten millions digit of 92595185?
9
What is the hundreds digit of 346516417?
4
What is the units digit of 19789414?
4
What is the hundred thousands digit of 319231847?
2
What is the hundred millions digit of 458429473?
4
What is the tens digit of 94600051?
5
What is the tens digit of 69910332?
3
What is the hundreds digit of 3514645?
6
What is the hundred millions digit of 413125003?
4
What is the millions digit of 77504895?
7
What is the thousands digit of 23351294?
1
What is the thousands digit of 60283331?
3
What is the ten thousands digit of 95882844?
8
What is the tens digit of 19668418?
1
What is the ten millions digit of 2340963277?
4
What is the millions digit of 145411280?
5
What is the ten thousands digit of 323597517?
9
What is the hundreds digit of 49648883?
8
What is the ten millions digit of 170834899?
7
What is the ten millions digit of 881642416?
8
What is the millions digit of 535085728?
5
What is the units digit of 1557409851?
1
What is the ten thousands digit of 667599772?
9
What is the millions digit of 9977313?
9
What is the tens digit of 298283735?
3
What is the tens digit of 95238696?
9
What is the thousands digit of 67613419?
3
What is the units digit of 512380807?
7
What is the ten millions digit of 241308825?
4
What is the millions digit of 37932715?
7
What is the hundreds digit of 24936891?
8
What is the millions digit of 87069324?
7
What is the units digit of 3839936511?
1
What is the thousands digit of 23604970?
4
What is the units digit of 143248821?
1
What is the hundreds digit of 304315117?
1
What is the hundred millions digit of 172792075?
1
What is the ten millions digit of 52502135?
5
What is the hundred millions digit of 1140077416?
1
What is the millions digit of 1151924673?
1
What is the millions digit of 192715197?
2
What is the millions digit of 1138219122?
8
What is the ten thousands digit of 3638709893?
0
What is the hundred thousands digit of 94676733?
6
What is the hundreds digit of 11624960?
9
What is the ten thousands digit of 1068984156?
8
What is the hundreds digit of 165500795?
7
What is the units digit of 143562113?
3
What is the ten millions digit of 37516829?
3
What is the tens digit of 124415007?
0
What is the hundreds digit of 1893426286?
2
What is the ten thousands digit of 185295509?
9
What is the thousands digit of 53869955?
9
What is the ten thousands digit of 121008211?
0
What is the ten millions digit of 821683701?
2
What is the ten millions digit of 1033102256?
3
What is the ten millions digit of 801065441?
0
What is the units digit of 216766052?
2
What is the tens digit of 965494870?
7
What is the millions digit of 149521509?
9
What is the ten millions digit of 122112201?
2
What is the ten millions digit of 5101731436?
0
What is the hundreds digit of 482753207?
2
What is the units digit of 2393909450?
0
What is the millions digit of 549559499?
9
What is the hundred millions digit of 723770515?
7
What is the ten thousands digit of 6556865?
5
What is the thousands digit of 381735277?
5
What is the hundreds digit of 155694948?
9
What is the units digit of 187574506?
6
What is the ten thousands digit of 113856146?
5
What is the units digit of 44120840?
0
What is the millions digit of 1646759465?
6
What is the tens digit of 239796429?
2
What is the tens digit of 2931155263?
6
What is the ten millions digit of 43847858?
4
What is the tens digit of 945464812?
1
What is the units digit of 697460084?
4
What is the ten thousands digit of 87796488?
9
What is the billions digit of 1599338907?
1
What is the hundred millions digit of 217725449?
2
What is the hundred millions digit of 3544765750?
5
What is the hundred thousands digit of 40645433?
6
What is the millions digit of 2167349731?
7
What is the millions digit of 449716922?
9
What is the hundred thousands digit of 103647096?
6
What is the hundred thousands digit of 86069620?
0
What is the ten thousands digit of 103097854?
9
What is the hundred thousands digit of 247205254?
2
What is the hundred thousands digit of 2329188952?
1
What is the ten millions digit of 1622628721?
2
What is the billions digit of 1132357264?
1
What is the ten thousands digit of 53015818?
1
What is the hundred thousands digit of 1927156?
9
What is the ten thousands digit of 5391590047?
9
What is the tens digit of 323746314?
1
What is the hundred thousands digit of 528524222?
5
What is the tens digit of 182070148?
4
What is the units digit of 78866851?
1
What is the hundred thousands digit of 291224626?
2
What is the ten thousands digit of 569447206?
4
What is the units digit of 673906198?
8
What is the hundred thousands digit of 613361682?
3
What is the tens digit of 2749207930?
3
What is the hundreds digit of 5502641797?
7
What is the millions digit of 1196420843?
6
What is the millions digit of 58813313?
8
What is the hundreds digit of 39495650?
6
What is the ten thousands digit of 34298546?
9
What is the thousands digit of 6591423396?
3
What is the hundreds digit of 2057114912?
9
What is the thousands digit of 44882619?
2
What is the tens digit of 1141532966?
6
What is the thousands digit of 2068640953?
0
What is the millions digit of 191144337?
1
What is the hundred millions digit of 652089163?
6
What is the hundred thousands digit of 3592866766?
8
What is the millions digit of 7606686?
7
What is the units digit of 1952804527?
7
What is the billions digit of 1927235972?
1
What is the units digit of 303929?
9
What is the millions digit of 237471057?
7
What is the units digit of 232118010?
0
What is the ten thousands digit of 719881471?
8
What is the billions digit of 8360757843?
8
What is the hundred thousands digit of 29745782?
7
What is the millions digit of 1348785459?
8
What is the hundred millions digit of 1233635851?
2
What is the ten thousands digit of 2321861356?
6
What is the thousands digit of 624542978?
2
What is the hundred thousands digit of 5481143?
4
What is the millions digit of 776691027?
6
What is the tens digit of 1252396653?
5
What is the hundreds digit of 1204663732?
7
What is the thousands digit of 130648802?
8
What is the millions digit of 344611932?
4
What is the millions digit of 2397061442?
7
What is the tens digit of 349662640?
4
What is the thousands digit of 502638305?
8
What is the units digit of 3006032718?
8
What is the tens digit of 60929698?
9
What is the hundreds digit of 576360184?
1
What is the millions digit of 178314396?
8
What is the tens digit of 33238897?
9
What is the units digit of 2859117204?
4
What is the thousands digit of 11649345?
9
What is the tens digit of 549461432?
3
What is the hundreds digit of 52168458?
4
What is the hundred thousands digit of 470446369?
4
What is the thousands digit of 115912197?
2
What is the hundreds digit of 51820193?
1
What is the tens digit of 232553669?
6
What is the millions digit of 2708505221?
8
What is the ten millions digit of 1737363429?
3
What is the thousands digit of 754973399?
3
What is the ten millions digit of 35725458?
3
What is the ten millions digit of 1200002305?
0
What is the hundred thousands digit of 2765586080?
5
What is the ten thousands digit of 797848158?
4
What is the hundreds digit of 48001376?
3
What is the hundred thousands digit of 43991030?
9
What is the hundreds digit of 265483011?
0
What is the millions digit of 758028916?
8
What is the hund